 11 + (-10 - -4 - (0 + -3))?
13
14 + -6 + 2 + -8 - 13
-11
Evaluate -6 - (-36 + 22) - 20.
-12
(8 + -26 - -15) + -5 + 11 + 0
3
-1 + -15 + 20 + (-16 - -3)
-9
What is the value of 28 + 26 + -44 - 33?
-23
What is 22 + -3 - (-6 + (4 - -4) + 0)?
17
(9 - 13 - (-7 - 4)) + -4
3
Evaluate (46 - 24 - 67) + 36.
-9
What is the value of 11 + -6 - (-1 - -17)?
-11
What is -3 - ((5 - 2 - 18) + 5 + 3)?
4
Evaluate -1 - 0 - (11 + -19 - -3).
4
-2 + (-16 - -24) + 2 + -1 + 1
8
Calculate -9 + -1 + 1 - (12 - (-11 + 21)).
-11
0 + (-3 - (-18 - -8))
7
What is 3 - (28 - 26) - 7?
-6
What is 3 + -1 + (147 - 134) + -25?
-10
Evaluate -4 + 15 + (2 - 7).
6
Evaluate 5 + (11 + -21 - -3).
-2
Evaluate 2 + 10 + 4 + -9 - (9 + -2).
0
What is the value of 3 + (2 - (-1 + 1)) + 2 + 0?
7
5 - (7 + -2) - (-1 - -19)
-18
What is 2 + 5 + -4 + (-9 - (4 + -2))?
-8
Calculate (-13 - -62) + -4 - 24.
21
Calculate -144 + 140 + (2 - (6 - 2)).
-6
What is the value of (15 - -2) + -11 + -2?
4
What is 42 + (-19 - 5) - (-2 + 3 + 6)?
11
What is the value of -1 + (-4 - (-3 + 12 + -15))?
1
What is the value of 9 + -1 - -2 - (52 + -34 + -14)?
6
What is 10 + 5 - -2 - (22 - 14)?
9
What is 27 - (7 - (-47 + 16))?
-11
What is the value of 4 + (-11 - -28 - 26) + 3 + -28?
-30
16 - ((-31 - -15) + 11)
21
Calculate -1 + 12 + (69 - (-41 + 89)).
32
What is (13 - 26) + 6 - -11?
4
Calculate -13 + 2 + (-4 - -25) + -20.
-10
Calculate -12 + 1 + 122 + -103 + -15.
-7
Calculate 19 + 15 + -21 - 20 - (3 + -2).
-8
What is 5 + -2 + (-39 - -47)?
11
Calculate -11 - 0 - (-2 + (-24 - -17)).
-2
What is (3 + (14 + -6 - 13) - -2) + -2?
-2
Evaluate (-19 - (-17 - 3)) + 4.
5
(-12 - 0 - (-228 - -220) - -2) + -28
-30
What is the value of -14 + 26 + -26 + (-3 - 0)?
-17
What is -3 + -3 + -1 + -3 + 9?
-1
(-2 - (-29 + (7 - -8))) + -11
1
What is the value of -19 - (2 - (-13 - -10 - (-1 + -6)))?
-17
-28 + 8 + -1 + (1 + 4 - 0)
-16
Evaluate 20 - (2 - ((-10 - -7) + (-1 - -1))).
15
Evaluate -11 + 9 + 11 + 5 + 0.
14
What is -4 + -2 + 2 + (3 - 34 - -19)?
-16
7 + (-10 - (4 + -4)) + 5
2
Evaluate -3 - 3 - (0 - ((-8 - -14) + 3)).
3
(-5 + 9 - -2 - 26) + 8
-12
What is -2 + (5 - -1 - -2) + 12?
18
Calculate (3 - (25 - 2 - 4)) + 6.
-10
Calculate (0 - 12) + (-3 - (58 + -46)).
-27
What is the value of -25 - 2 - (-7 - (-36 + 37))?
-19
(-1 - -9) + (21 - (1 - -5)) + -9
14
Calculate -8 + -3 - -2 - (-36 + 15) - 0.
12
Calculate (-2 - 22 - -3) + (15 - 17) + 7.
-16
What is the value of (-9 - -1) + -162 + 149?
-21
What is the value of (-19 + -3 - -39) + -5 + -1?
11
Calculate 7 + -1 + -51 - -32.
-13
Evaluate -14 + (-4 + 5 - 1) + 12.
-2
Evaluate -36 + 46 - (10 + 10 + -9).
-1
What is -6 - 4 - (10 + 5 + -1 + -3)?
-21
Calculate (0 - -1) + -3 + 5 + 1 + 3.
7
(-4 - 0) + 12 + -72 + 76
12
-8 - (-2 - (5 - 26)) - 8
-35
What is -243 - -231 - (-21 + 0)?
9
What is the value of -6 - (15 - -22) - (-9 + -4)?
-30
Calculate (-4 - -8) + -7 + 9 + -10 + 8.
4
Evaluate -9 + (3 + 1 + -3 + -3 - 8).
-19
Calculate -1 + -3 + (10 - 9 - -5) + 16.
18
What is the value of -12 - (2 + 2) - -20?
4
Calculate -12 + (-7 - (1 - 29)).
9
9 - (-5 + 6 - (-15 + 11))
4
Calculate -10 - (-3 - ((28 - (-9 - -2)) + -3)).
25
Evaluate (6 + -27 - -6) + 3 - -9.
-3
What is (-2 - -16) + (23 - (9 + 11))?
17
What is the value of -12 - ((4 - (-1 + 2)) + -11)?
-4
What is the value of -17 + -4 + (11 - 0) + -2?
-12
Calculate -12 + -3 + (-9 - -12).
-12
3 + 0 + 303 + -307
-1
What is the value of (30 - 34) + 5 + 1 - -32 - 11?
23
What is the value of (8 - 0) + (-1 - (-8 - (-9 + 5)))?
11
Calculate 3 + (0 - 4) + 4 - (28 + -18).
-7
24 - (44 + 33 + -38)
-15
Evaluate -1 + -1 + 13 + (60 - 75) + 40.
36
Evaluate 6 - (1 + 5 - (27 + (-2 - 15))).
10
0 + -3 - (6 + (-8 - -5))
-6
Calculate (2 - 1) + 0 + (7 - 6 - 7).
-5
Evaluate -1 + -47 - (-94 - -69).
-23
What is (-13 + 18 - (7 + 0)) + 9?
7
What is -4 + (-1 - (22 + -11))?
-16
Evaluate 251 + -251 - ((3 - 0) + (-1 - 32)).
30
Calculate 12 + (-28 - -16) + 0.
0
What is the value of 0 + 5 + 2 - 2?
5
What is the value of 4 - (-1 - (5 - 14) - 6 - 7)?
9
What is (-5 - 0) + (-1 - (10 - 7)) + 4?
-5
What is the value of -1 - 4 - (0 + -1 - (-25 - -11))?
-18
What is (7 - 2) + (-4 - (0 + -3) - 7)?
-3
What is -2 + -2 + 14 - (212 - 211)?
9
Evaluate 3 - (1 + 12 + -6).
-4
Evaluate -23 - (-10 + -19 + -12).
18
(-5 - 1 - -10) + 7 + -7
4
Evaluate -1 + -17 + -6 + (10 + -3 - -7).
-10
4 + 1 - (23 - (2 - 21) - 13)
-24
117 + -91 + (0 - (3 - 3)) - 11
15
8 + -8 - 3 - (-18 + (-3 - -6))
12
What is the value of (-30 + (-1 - 0) - (1085 - 1092)) + 4?
-20
Evaluate (7 - (11 - 8) - 0) + 1.
5
What is the value of (1 - (8 - 17) - 0) + -3?
7
What is the value of 372 - 391 - (-28 + 1)?
8
Evaluate (0 - (10 + 9)) + -4.
-23
What is the value of 6 - (-14 - -18 - -7) - (-2 + -14)?
11
-1 + 1 - ((6 - (-2 - -5)) + 2)
-5
Calculate 6 + (6 - 14) + (4 - (5 - 11)).
8
Calculate -7 - (-37 - (6 + -10 + 1)).
27
What is the value of (-4 - -3) + 12 + -2 + 18?
27
-8 + 2 - (-59 - -53) - -8
8
What is the value of (-30 - -1) + 2170 + -2165?
-24
Calculate -1 + (-8 - 37) + 25.
-21
3 - -5 - 0 - -3
11
What is 8 - 3 - (12 + (-6 - 3))?
2
Evaluate (0 - (-12 + 7 + -6 + 7)) + 9.
13
What is the value of 7 + (17 + -21 + -1 + -15 - -4)?
-9
Evaluate 14 + (-42 - -43) + -1 + -34.
-20
Calculate -7 - (((-1 - 17) + 9 - -5) + 0).
-3
What is the value of -206 + 200 - ((7 - 1) + -2 + 4)?
-14
What is the value of (19 - (13 - -20 - 16)) + (10 - -1)?
13
Calculate 7 + -3 - (-18 + 9 + 11 + 2).
0
What is the value of (-5 - (1 + -6)) + -2 + 5?
3
What is 10 + 0 - 1 - (-6 - -7)?
8
What is (0 - -2) + (-6 - (9 - 11))?
-2
(2 - 0) + -13 + 19 + -19
-11
7 + (7 + -11 - -8)
11
What is -19 + 16 + 2 + -8?
-9
What is 5 + -3 + -6 + 4 + -8?
-8
-7 - -10 - (28 - ((3 - 1) + 2))
-21
What is the value of 8 - (1 + 0) - (63 + -50)?
-6
What is 22 - (-14 + 26) - (1 - -22)?
-13
What is 1 + (7 + 0 + -3 - 2) + 2?
5
What is the value of -1 - 9 - (-3 + -2 + -8 + 15)?
-12
Calculate (-1121 - -1099) + (1 - -25).
4
Evaluate (10 - 4 - 8) + (8 - 13) + 1.
-6
What is (-17 - 10) + 18 - (4 + -50) - 6?
31
Calculate -3 - (-2 + (1 - 2)) - (-121 + 135).
-14
What is the value of -1 + -5 + 91 + -60 + -3 + 1?
23
What is 13 + (-51 - -34) + 13?
9
What is -1 + (-1 - (-3 - -3)) - -6 - -6?
10
Evaluate -23 + 55 + -48 - -31.
15
Evaluate 140 + -148 - (-14 - 0).
6
Evaluate 9 + (-4 - 8) - (4 - 12 - -2).
3
What is the value of 5 - (9 + -34 + 26)?
4
Evaluate 2 + (-10 - 0) - ((-5 - -5) + -7).
-1
Evaluate -1 + -5 + 46 + -47.
-7
What is -7 + 8 + -4 + 13 + 1 + 2?
13
Evaluate 15 - (16 - (-14 + 8)).
-7
Calculate (3 - (7 - (-9 - 11))) + 9.
-15
What is the value of 20 - (-11 - ((2 - 16) + (19 - 20)))?
16
What is (-7 - (8 + -18)) + -16?
-13
Calculate -39 - (19 + -25) - -17.
-16
Evaluate -20 - ((12 + -10 - 2) + 1 + -9).
-12
32 + (19 - 35) - (8 + 2)
6
Evaluate (8 + (0 - 3) - 2) + 5.
8
Evaluate -6 + (-4 - -12 - -1) + -8.
-5
Evaluate 34 + -4 + -379 + 350.
1
What is 7 + -6 + 3 + 1 - (4 + -9)?
10
What is the value of 25 + 22 + -21 + -11?
15
What is -7 - -2 - (5 - (10 + -16 - -16))?
0
7 - (18 + -11) - ((0 - 15) + -3)
18
What is -6 - (14 - (24 + -7 + 15))?
12
0 - 16 - (-7 + -3)
-6
What is the value of -8 - -18 - (14 + -13)?
9
Evaluate -19 - (-5 + (-6 - -9)).
-17
Calculate -22 + -1 + 217 + -218.
-24
Calculate -2 - (13 - (6 - -1)).
-8
-23 + 21 - 7 - -24
15
Calculate 5 + (13 - 11) - -7.
14
4 + 0 + 1 + 10 + 3 + -12
6
Evaluate (9 + -21 + -3 + 2 - 3) + 4.
-12
What is -6 - (3 + (-10 - 1))?
2
(-15 - -12) + -26 - -11 - -15
-3
What is the value of (2 - -1) + (-65 - (-59 - 28))?
25
Calculate 28 + -14 - (0 + 12).
2
Evaluate 2 + 3 - 0 - (-18 - -21) - 7.
-5
Evaluate 0 + 15 - (-27 + 47).
-5
What is the value of -1 - (-9 - (-4 - -11))?
15
What is (0 - 3) + (-3 - 1) - (143 - 160)?
10
50 + -42 - (-5 - (0 - -1))
14
What is the value of (-1 - 7) + 5 + 6 - 10?
-7
Evaluate 51 + (-60 - -15) + (1 - (0 + -1)).
8
What is 1 + -8 - (-207 + 217)?
-17
What is (-5 - -2) + ((15 - 6) + -21 - -4)?
-11
Evaluate 0 + -4 + (20 - (-5 + 11)).
10
Calculate -3 - 6 - (-55 - -17 - -8).
21
11 - (-11 - ((-5 - -40) + -11 - 10))
36
What is 2 + 2 - (1 + 3 - (17 - 24))?
-7
Evaluate 1 + 32 + -4 - 16.
13
What is -28 - (6 - 7) - -1 - -12?
-14
Evaluate (-28 - (-2 + -9)) + 80 + -29.
34
-15 + 2 - (-38 - -36)
-11
Evaluate -15 + (1 - -24) + (3 - 0 - -1).
14
Evaluate (2 - (-13 - -5)) + (-16 + -2 - -21).
13
Evaluate -63 + (11 - 